 88 divide 7379899?
False
Is 6 a factor of 1940855?
False
Is 132 a factor of 186120?
True
Does 83 divide 1638337?
True
Is 32 a factor of 2081024?
True
Is 93 a factor of 184326?
True
Is 39364 a multiple of 121?
False
Is 272329 a multiple of 186?
False
Is 496128 a multiple of 128?
True
Is 63 a factor of 34433?
False
Does 49 divide 185906?
True
Does 18 divide 88074?
True
Is 12 a factor of 3584858?
False
Is 3228537 a multiple of 13?
True
Is 78468 a multiple of 6?
True
Does 18 divide 388764?
True
Is 350 a factor of 1566950?
True
Is 453 a factor of 462651?
False
Is 669566 a multiple of 827?
False
Is 31 a factor of 516760?
False
Is 218 a factor of 381718?
True
Is 75059 a multiple of 26?
False
Is 8 a factor of 121905?
False
Is 3 a factor of 111638?
False
Is 245 a factor of 23870350?
True
Does 9 divide 316806?
False
Does 226 divide 14685477?
False
Is 434 a factor of 462036?
False
Is 222741 a multiple of 280?
False
Is 30 a factor of 71436?
False
Does 22 divide 76709?
False
Is 4782518 a multiple of 26?
True
Does 41 divide 1887312?
True
Does 7 divide 105035?
True
Is 6 a factor of 57249?
False
Does 22 divide 7485754?
False
Is 9 a factor of 228124?
False
Is 1316315 a multiple of 1001?
True
Does 10 divide 535834?
False
Does 26 divide 601736?
False
Is 3 a factor of 446924?
False
Is 323 a factor of 244834?
True
Is 296168 a multiple of 54?
False
Does 467 divide 7183680?
False
Is 2231 a factor of 24747851?
False
Does 242 divide 149798?
True
Does 145 divide 9662366?
False
Does 25 divide 218950?
True
Does 73 divide 9008159?
False
Is 17873 a multiple of 61?
True
Is 78713 a multiple of 2?
False
Is 159 a factor of 502161?
False
Does 1104 divide 449481?
False
Does 74 divide 274540?
True
Does 26 divide 329877?
False
Does 209 divide 3310351?
True
Does 17 divide 132864?
False
Does 48 divide 14476848?
True
Does 34 divide 4190058?
True
Is 104134 a multiple of 93?
False
Is 18 a factor of 87965?
False
Does 1531 divide 7735834?
False
Does 764 divide 2195232?
False
Does 67 divide 32894?
False
Does 5 divide 355085?
True
Is 3463639 a multiple of 23?
True
Does 81 divide 98577?
True
Does 13 divide 50678?
False
Does 87 divide 309051?
False
Is 527 a factor of 6043109?
True
Is 269802 a multiple of 13?
True
Is 13 a factor of 1135610?
False
Does 12 divide 146005?
False
Is 16 a factor of 135528?
False
Is 300574 a multiple of 426?
False
Does 62 divide 21592396?
False
Does 7 divide 14085694?
True
Is 12399521 a multiple of 160?
False
Is 23 a factor of 105892?
True
Is 9860546 a multiple of 6?
False
Does 36 divide 3374700?
False
Is 2016824 a multiple of 39?
False
Is 12 a factor of 675747?
False
Is 223 a factor of 362598?
True
Does 102 divide 25824579?
False
Is 17 a factor of 2062041?
False
Is 854688 a multiple of 574?
False
Does 25 divide 198675?
True
Does 7 divide 146013?
True
Is 15 a factor of 1313295?
True
Does 80 divide 1261280?
True
Is 183662 even?
True
Is 260459 a multiple of 25?
False
Is 19 a factor of 7527317?
False
Is 4777135 a multiple of 11?
True
Is 18 a factor of 6846876?
True
Is 4 a factor of 24200?
True
Is 3205605 a multiple of 105?
False
Is 4 a factor of 395115?
False
Is 183833 a multiple of 1027?
True
Is 62328 a multiple of 24?
True
Is 17 a factor of 609263?
True
Does 23 divide 152730?
False
Is 5037300 a multiple of 5?
True
Is 5720050 a multiple of 14?
True
Does 24 divide 970678?
False
Is 6480 a multiple of 108?
True
Is 136 a factor of 2279360?
True
Does 1032 divide 6478693?
False
Is 404294 a multiple of 517?
True
Is 9 a factor of 2479696?
False
Is 35602 a multiple of 6?
False
Is 151 a factor of 851187?
True
Is 81067 a multiple of 313?
True
Is 9 a factor of 3451352?
False
Is 2975220 a multiple of 180?
True
Is 272701 a multiple of 3?
False
Does 41 divide 7529921?
False
Is 38502 a multiple of 31?
True
Is 9 a factor of 3727872?
True
Is 245 a factor of 13185410?
True
Is 138 a factor of 2084520?
False
Is 1316837 a multiple of 66?
False
Is 152 a factor of 104728?
True
Is 864046 a multiple of 20?
False
Does 36 divide 579470?
False
Is 179696 a multiple of 176?
True
Is 98877 a multiple of 86?
False
Is 10702538 a multiple of 77?
True
Does 11 divide 315229?
False
Does 8 divide 4107856?
True
Is 118 a factor of 1261977?
False
Does 752 divide 1661108?
False
Does 88 divide 36872?
True
Is 203 a factor of 1061284?
True
Is 291060 a multiple of 55?
True
Does 20 divide 582340?
True
Is 261 a factor of 41760?
True
Is 49 a factor of 296227?
False
Is 24 a factor of 533352?
True
Does 75 divide 14164575?
True
Does 690 divide 4231080?
True
Is 29 a factor of 66565?
False
Is 287760 a multiple of 40?
True
Does 27 divide 243157?
False
Is 9 a factor of 1542738?
False
Is 59799 a multiple of 4?
False
Is 1721324 a multiple of 551?
True
Is 57 a factor of 32547?
True
Is 1697215 a multiple of 136?
False
Does 10 divide 1603140?
True
Is 63 a factor of 612234?
True
Is 4530604 a multiple of 240?
False
Is 28848 a multiple of 8?
True
Is 18 a factor of 14550?
False
Does 14 divide 2921492?
True
Is 19 a factor of 15067?
True
Is 11 a factor of 72241?
False
Is 9 a factor of 152379?
True
Is 24905 a multiple of 2?
False
Is 490064 a multiple of 116?
False
Is 32327 a multiple of 21?
False
Does 179 divide 2544447?
False
Is 16 a factor of 816720?
True
Does 37 divide 193054?
False
Is 23248 a multiple of 43?
False
Is 10545 a multiple of 5?
True
Is 138 a factor of 5236786?
False
Does 376 divide 146264?
True
Is 2745692 a multiple of 393?
False
Does 110 divide 578368?
False
Is 184 a factor of 479136?
True
Does 283 divide 51789?
True
Is 7500 a multiple of 5?
True
Is 22 a factor of 80568?
False
Is 17 a factor of 1117088?
False
Is 13 a factor of 94878?
False
Is 102992 a multiple of 3?
False
Is 68 a factor of 8479056?
True
Is 8018486 a multiple of 54?
False
Does 39 divide 184282?
False
Is 654 a factor of 588126?
False
Is 30552 a multiple of 268?
True
Does 3 divide 136161?
True
Is 862553 a multiple of 10?
False
Is 15 a factor of 538050?
True
Is 3 a factor of 113806?
False
Is 3320703 a multiple of 261?
True
Is 612684 a multiple of 732?
True
Is 720429 a multiple of 226?
False
Is 121593 a multiple of 14?
False
Does 137 divide 7229?
False
Is 58 a factor of 230836?
False
Is 117023 a multiple of 4?
False
Is 39 a factor of 444717?
True
Is 344 a factor of 1517106?
False
Does 120 divide 154153?
False
Is 8 a factor of 4093?
False
Does 124 divide 112887?
False
Is 2927324 a multiple of 17?
False
Is 82 a factor of 595806?
False
Is 4704514 a multiple of 281?
False
Does 46 divide 9497129?
False
Is 203 a factor of 4303194?
True
Is 150 a factor of 292050?
True
Is 75 a factor of 180838?
False
Is 3894 a multiple of 33?
True
Is 31 a factor of 414514?
False
Is 33 a factor of 138313?
False
Is 81 a factor of 156964?
False
Does 25 divide 1297075?
True
Is 839955 a multiple of 23?
False
Is 44 a factor of 8149573?
False
Is 2134456 a multiple of 37?
True
Does 1199 divide 11486420?
True
Is 191 a factor of 198729?
False
Is 27 a factor of 41094?
True
Is 91 a factor of 220950?
False
Does 213 divide 155064?
True
Is 17 a factor of 688050?
False
Does 101 divide 5614186?
True
Does 1359 divide 24404922?
True
Is 214890 a multiple of 87?
True
Does 824 divide 3600056?
True
Is 5 a factor of 406000?
True
Is 1889 a factor of 4616716?
True
Is 652 a factor of 15695596?
True
Is 18400 a multiple of 5?
True
Is 628 a factor of 454044?
True
Is 681915 a multiple of 235?
False
Does 95 divide 712975?
True
Does 36 divide 163656?
True
Is 177310 a multiple of 43?
False
Does 51 divide 511411?
False
Is 678156 a multiple of 372?
True
Is 307 a factor of 2677974?
False
Is 244620 a multiple of 5?
True
Does 486 divide 1786678?
False
Is 12723 a multiple of 2?
False
Is 365500 a multiple of 25?
True
Does 18 divide 661104?
True
Does 469 divide 28618?
False
Is 540 a factor of 129841?
False
Does 25 divide 110000?
True
Is 7 a factor of 105936?
False
Is 111 a factor of 3913416?
True
Does 30 divide 2047542?
False
Does 343 divide 135130?
False
Is 470939 a multiple of 1844?
False
Is 2508649 a multiple of 11?
True
Is 177030 a multiple of 45?
True
Does 6 divide 1912489?
False
Does 27 divide 407168?
False
Does 574 divide 6706713?
False
Is 2712268 a multiple of 91?
False
Does 179 divide 687360?
True
Is 338640 a multiple of 510?
True
Does 7 divide 590170?
True
Is 143 a factor of 1119404?
True
Is 350130 a multipl